{"id":2,"date":"2016-10-27T16:40:02","date_gmt":"2016-10-27T14:40:02","guid":{"rendered":"http:\/\/www.bagilet.abcinfo47.fr\/?page_id=2"},"modified":"2017-01-20T17:05:55","modified_gmt":"2017-01-20T16:05:55","slug":"page-d-exemple","status":"publish","type":"page","link":"https:\/\/www.bagilet.abcinfo47.fr\/index.php\/fr\/page-d-exemple\/","title":{"rendered":"Accueil"},"content":{"rendered":"<div id=\"pl-2\"  class=\"panel-layout\" ><div id=\"pg-2-0\"  class=\"panel-grid panel-no-style\" ><div id=\"pgc-2-0-0\"  class=\"panel-grid-cell\" ><div id=\"panel-2-0-0-0\" class=\"so-panel widget widget_sow-editor panel-first-child panel-last-child\" data-index=\"0\" ><div class=\"so-widget-sow-editor so-widget-sow-editor-base\"><h3 class=\"widget-title\">Viviane et Robert Bagilet vous attendent et vous r\u00e9servent le meilleur accueil dans leurs g\u00eetes \u00e0 Vigne -Biron 24540 au sud P\u00e9rigord<\/h3>\n<div class=\"siteorigin-widget-tinymce textwidget\">\n\t<p style=\"text-align: center;\">Perch\u00e9e sur sa petite colline entour\u00e9e de bosquets et de prairies avec vue sur le ch\u00e2teau de Biron, une ancienne ferme enti\u00e8rement restaur\u00e9e avec go\u00fbt et au calme, vous accueille.<\/p>\n<p style=\"text-align: center;\">Deux g\u00eetes mitoyens \u00a03 \u00e9toiles \"La grange\" 7 personnes et \"Le four\" 8 personnes, sans vis \u00e0 vis, une grande piscine 12m X 6m \u00e0 partager, s\u00e9curis\u00e9e et cl\u00f4tur\u00e9e, douche solaire et relax, balan\u00e7oires, jeux d'enfants, ballons et filet tennis, boules de p\u00e9tanque, terrain VTT, balade foresti\u00e8re priv\u00e9e, chemin balis\u00e9 pour acc\u00e9der au ch\u00e2teau de Biron \u00e0 1km 500, animaux accept\u00e9s (sur demande), ch\u00e8que vacances accept\u00e9s.<\/p>\n<p style=\"text-align: center;\">Possibilit\u00e9 de louer ensemble o\u00f9 s\u00e9par\u00e9ment.\u00a0<\/p>\n<p style=\"text-align: center;\">Nous louons nos g\u00eetes toute l'ann\u00e9e, \u00e0 la nuit\u00e9e o\u00f9 en week-end hors saison.\u00a0<\/p>\n<\/div>\n<\/div><\/div><\/div><\/div><div id=\"pg-2-1\"  class=\"panel-grid panel-no-style\" ><div id=\"pgc-2-1-0\"  class=\"panel-grid-cell\" ><div id=\"panel-2-1-0-0\" class=\"so-panel widget widget_sow-editor panel-first-child\" data-index=\"1\" ><div class=\"so-widget-sow-editor so-widget-sow-editor-base\"><h3 class=\"widget-title\">La grange<\/h3>\n<div class=\"siteorigin-widget-tinymce textwidget\">\n\t<\/div>\n<\/div><\/div><div id=\"panel-2-1-0-1\" class=\"so-panel widget widget_sow-image\" data-index=\"2\" ><div class=\"so-widget-sow-image so-widget-sow-image-default-4b231843ec72-2\">\n\n<div class=\"sow-image-container\">\n\t\t\t<a\n\t\t\thref=\"https:\/\/www.bagilet.abcinfo47.fr\/index.php\/fr\/la-grange\/\"\n\t\t\t\t\t>\n\t\t\t<img src=\"https:\/\/www.bagilet.abcinfo47.fr\/wp-content\/uploads\/2016\/10\/0021_bagilet.jpg\" width=\"3543\" height=\"2365\" srcset=\"https:\/\/www.bagilet.abcinfo47.fr\/wp-content\/uploads\/2016\/10\/0021_bagilet.jpg 3543w, https:\/\/www.bagilet.abcinfo47.fr\/wp-content\/uploads\/2016\/10\/0021_bagilet-300x200.jpg 300w, https:\/\/www.bagilet.abcinfo47.fr\/wp-content\/uploads\/2016\/10\/0021_bagilet-768x513.jpg 768w, https:\/\/www.bagilet.abcinfo47.fr\/wp-content\/uploads\/2016\/10\/0021_bagilet-1024x684.jpg 1024w, https:\/\/www.bagilet.abcinfo47.fr\/wp-content\/uploads\/2016\/10\/0021_bagilet-272x182.jpg 272w\" sizes=\"(max-width: 3543px) 100vw, 3543px\" alt=\"\" loading=\"lazy\" \t\tclass=\"so-widget-image\"\/>\n\t<\/a><\/div>\n\n<\/div><\/div><div id=\"panel-2-1-0-2\" class=\"so-panel widget widget_sow-editor panel-last-child\" data-index=\"3\" ><div class=\"so-widget-sow-editor so-widget-sow-editor-base\">\n<div class=\"siteorigin-widget-tinymce textwidget\">\n\t<p>Rez de chauss\u00e9e :\u00a0<\/p>\n<ul>\n<li>cuisine am\u00e9ricaine,\u00a0<\/li>\n<li>Grande salle \u00e0 manger et salon lumineux,<\/li>\n<li>Salle d'eau spacieuse (douche \u00e0 l'italienne),<\/li>\n<li>WC ind\u00e9pendant,<\/li>\n<li>Grande chambre avec lit en 140, 1 lit 90 et 1 lit b\u00e9b\u00e9,<\/li>\n<li>Chauffage au sol,<\/li>\n<\/ul>\n<p>1er \u00e9tage :<\/p>\n<ul>\n<li>Grande chambre s\u00e9par\u00e9 ( lit 140 et 2 lits 90) ,<\/li>\n<li>coin toilette\u00a0avec wc,<\/li>\n<\/ul>\n<p>A l'ext\u00e8rieur:\u00a0<\/p>\n<ul>\n<li>Buanderie,<\/li>\n<li>Grand pr\u00e9au,<\/li>\n<li>Barbecue,\u00a0<\/li>\n<li>Parking priv\u00e9,<\/li>\n<\/ul>\n<p>\u00c9quipement b\u00e9b\u00e9 \u00e0 disposition<\/p>\n<\/div>\n<\/div><\/div><\/div><div id=\"pgc-2-1-1\"  class=\"panel-grid-cell\" ><div id=\"panel-2-1-1-0\" class=\"so-panel widget widget_sow-editor panel-first-child\" data-index=\"4\" ><div class=\"so-widget-sow-editor so-widget-sow-editor-base\"><h3 class=\"widget-title\">Le four :<\/h3>\n<div class=\"siteorigin-widget-tinymce textwidget\">\n\t<\/div>\n<\/div><\/div><div id=\"panel-2-1-1-1\" class=\"so-panel widget widget_sow-image\" data-index=\"5\" ><div class=\"so-widget-sow-image so-widget-sow-image-default-4b231843ec72-2\">\n\n<div class=\"sow-image-container\">\n\t\t\t<a\n\t\t\thref=\"https:\/\/www.bagilet.abcinfo47.fr\/index.php\/fr\/le-four\/\"\n\t\t\t\t\t>\n\t\t\t<img src=\"https:\/\/www.bagilet.abcinfo47.fr\/wp-content\/uploads\/2016\/10\/0009_bagilet.jpg\" width=\"3543\" height=\"2365\" srcset=\"https:\/\/www.bagilet.abcinfo47.fr\/wp-content\/uploads\/2016\/10\/0009_bagilet.jpg 3543w, https:\/\/www.bagilet.abcinfo47.fr\/wp-content\/uploads\/2016\/10\/0009_bagilet-300x200.jpg 300w, https:\/\/www.bagilet.abcinfo47.fr\/wp-content\/uploads\/2016\/10\/0009_bagilet-768x513.jpg 768w, https:\/\/www.bagilet.abcinfo47.fr\/wp-content\/uploads\/2016\/10\/0009_bagilet-1024x684.jpg 1024w, https:\/\/www.bagilet.abcinfo47.fr\/wp-content\/uploads\/2016\/10\/0009_bagilet-272x182.jpg 272w\" sizes=\"(max-width: 3543px) 100vw, 3543px\" alt=\"\" loading=\"lazy\" \t\tclass=\"so-widget-image\"\/>\n\t<\/a><\/div>\n\n<\/div><\/div><div id=\"panel-2-1-1-2\" class=\"so-panel widget widget_sow-editor panel-last-child\" data-index=\"6\" ><div class=\"so-widget-sow-editor so-widget-sow-editor-base\">\n<div class=\"siteorigin-widget-tinymce textwidget\">\n\t<p>Rez de chauss\u00e9e :<\/p>\n<ul>\n<li>Grande salle de s\u00e9jour avec chemin\u00e9e ouverte,\u00a0<\/li>\n<li>Cuisine tout int\u00e9gr\u00e9 et \u00e9quip\u00e9,\u00a0<\/li>\n<li>2 chambres avec lit 140 dont une avec lit b\u00e9b\u00e9,\u00a0<\/li>\n<li>1 salle d'eau (douche \u00e0 l'italienne)\u00a0<\/li>\n<li>WC ind\u00e9pendant,\u00a0<\/li>\n<li>Chauffage au sol,<\/li>\n<\/ul>\n<p>1er \u00e9tage:\u00a0<\/p>\n<ul>\n<li>1 chambre ( 1 lit 120 et 2 lits 90 ),<\/li>\n<li>coin toilette\u00a0avec wc<\/li>\n<\/ul>\n<p>A l'ext\u00e9rieur:\u00a0<\/p>\n<ul>\n<li>Buanderie,\u00a0<\/li>\n<li>Pr\u00e9au avec barbecue,<\/li>\n<li>Parking priv\u00e9<\/li>\n<\/ul>\n<p>Equipement b\u00e9b\u00e9 \u00e0 disposition,<\/p>\n<\/div>\n<\/div><\/div><\/div><\/div><\/div>","protected":false},"excerpt":{"rendered":"<p>Perch\u00e9e sur sa petite colline entour\u00e9e de bosquets et de prairies avec vue sur le ch\u00e2teau de Biron, une ancienne ferme enti\u00e8rement restaur\u00e9e avec go\u00fbt et au calme, vous accueille.Deux g\u00eetes mitoyens \u00a03 \u00e9toiles \u00ab\u00a0La grange\u00a0\u00bb 7 personnes et \u00ab\u00a0Le four\u00a0\u00bb 8 personnes, sans vis \u00e0 vis, une grande piscine 12m X 6m \u00e0 partager, [&hellip;]<\/p>\n","protected":false},"author":1,"featured_media":0,"parent":0,"menu_order":0,"comment_status":"closed","ping_status":"open","template":"home-panels.php","meta":[],"_links":{"self":[{"href":"https:\/\/www.bagilet.abcinfo47.fr\/index.php\/wp-json\/wp\/v2\/pages\/2"}],"collection":[{"href":"https:\/\/www.bagilet.abcinfo47.fr\/index.php\/wp-json\/wp\/v2\/pages"}],"about":[{"href":"https:\/\/www.bagilet.abcinfo47.fr\/index.php\/wp-json\/wp\/v2\/types\/page"}],"author":[{"embeddable":true,"href":"https:\/\/www.bagilet.abcinfo47.fr\/index.php\/wp-json\/wp\/v2\/users\/1"}],"replies":[{"embeddable":true,"href":"https:\/\/www.bagilet.abcinfo47.fr\/index.php\/wp-json\/wp\/v2\/comments?post=2"}],"version-history":[{"count":10,"href":"https:\/\/www.bagilet.abcinfo47.fr\/index.php\/wp-json\/wp\/v2\/pages\/2\/revisions"}],"predecessor-version":[{"id":328,"href":"https:\/\/www.bagilet.abcinfo47.fr\/index.php\/wp-json\/wp\/v2\/pages\/2\/revisions\/328"}],"wp:attachment":[{"href":"https:\/\/www.bagilet.abcinfo47.fr\/index.php\/wp-json\/wp\/v2\/media?parent=2"}],"curies":[{"name":"wp","href":"https:\/\/api.w.org\/{rel}","templated":true}]}}

<div id="pl-2"  class="panel-layout" ><div id="pg-2-0"  class="panel-grid panel-no-style" ><div id="pgc-2-0-0"  class="panel-grid-cell" ><div id="panel-2-0-0-0" class="so-panel widget widget_sow-editor panel-first-child panel-last-child" data-index="0" ><div class="so-widget-sow-editor so-widget-sow-editor-base"><h3 class="widget-title">Viviane et Robert Bagilet vous attendent et vous réservent le meilleur accueil dans leurs gîtes à Vigne -Biron 24540 au sud Périgord</h3>
<div class="siteorigin-widget-tinymce textwidget">
	<p style="text-align: center;">Perchée sur sa petite colline entourée de bosquets et de prairies avec vue sur le château de Biron, une ancienne ferme entièrement restaurée avec goût et au calme, vous accueille.</p>
<p style="text-align: center;">Deux gîtes mitoyens  3 étoiles "La grange" 7 personnes et "Le four" 8 personnes, sans vis à vis, une grande piscine 12m X 6m à partager, sécurisée et clôturée, douche solaire et relax, balançoires, jeux d'enfants, ballons et filet tennis, boules de pétanque, terrain VTT, balade forestière privée, chemin balisé pour accéder au château de Biron à 1km 500, animaux acceptés (sur demande), chèque vacances acceptés.</p>
<p style="text-align: center;">Possibilité de louer ensemble où séparément. </p>
<p style="text-align: center;">Nous louons nos gîtes toute l'année, à la nuitée où en week-end hors saison. </p>
</div>
</div></div></div></div><div id="pg-2-1"  class="panel-grid panel-no-style" ><div id="pgc-2-1-0"  class="panel-grid-cell" ><div id="panel-2-1-0-0" class="so-panel widget widget_sow-editor panel-first-child" data-index="1" ><div class="so-widget-sow-editor so-widget-sow-editor-base"><h3 class="widget-title">La grange</h3>
<div class="siteorigin-widget-tinymce textwidget">
	</div>
</div></div><div id="panel-2-1-0-1" class="so-panel widget widget_sow-image" data-index="2" ><div class="so-widget-sow-image so-widget-sow-image-default-4b231843ec72-2">

<div class="sow-image-container">
			<a
			href="https://www.bagilet.abcinfo47.fr/index.php/fr/la-grange/"
					>
			<img src="https://www.bagilet.abcinfo47.fr/wp-content/uploads/2016/10/0021_bagilet.jpg" width="3543" height="2365" srcset="https://www.bagilet.abcinfo47.fr/wp-content/uploads/2016/10/0021_bagilet.jpg 3543w, https://www.bagilet.abcinfo47.fr/wp-content/uploads/2016/10/0021_bagilet-300x200.jpg 300w, https://www.bagilet.abcinfo47.fr/wp-content/uploads/2016/10/0021_bagilet-768x513.jpg 768w, https://www.bagilet.abcinfo47.fr/wp-content/uploads/2016/10/0021_bagilet-1024x684.jpg 1024w, https://www.bagilet.abcinfo47.fr/wp-content/uploads/2016/10/0021_bagilet-272x182.jpg 272w" sizes="(max-width: 3543px) 100vw, 3543px" alt="" loading="lazy" 		class="so-widget-image"/>
	</a></div>

</div></div><div id="panel-2-1-0-2" class="so-panel widget widget_sow-editor panel-last-child" data-index="3" ><div class="so-widget-sow-editor so-widget-sow-editor-base">
<div class="siteorigin-widget-tinymce textwidget">
	<p>Rez de chaussée : </p>
<ul>
<li>cuisine américaine, </li>
<li>Grande salle à manger et salon lumineux,</li>
<li>Salle d'eau spacieuse (douche à l'italienne),</li>
<li>WC indépendant,</li>
<li>Grande chambre avec lit en 140, 1 lit 90 et 1 lit bébé,</li>
<li>Chauffage au sol,</li>
</ul>
<p>1er étage :</p>
<ul>
<li>Grande chambre séparé ( lit 140 et 2 lits 90) ,</li>
<li>coin toilette avec wc,</li>
</ul>
<p>A l'extèrieur: </p>
<ul>
<li>Buanderie,</li>
<li>Grand préau,</li>
<li>Barbecue, </li>
<li>Parking privé,</li>
</ul>
<p>Équipement bébé à disposition</p>
</div>
</div></div></div><div id="pgc-2-1-1"  class="panel-grid-cell" ><div id="panel-2-1-1-0" class="so-panel widget widget_sow-editor panel-first-child" data-index="4" ><div class="so-widget-sow-editor so-widget-sow-editor-base"><h3 class="widget-title">Le four :</h3>
<div class="siteorigin-widget-tinymce textwidget">
	</div>
</div></div><div id="panel-2-1-1-1" class="so-panel widget widget_sow-image" data-index="5" ><div class="so-widget-sow-image so-widget-sow-image-default-4b231843ec72-2">

<div class="sow-image-container">
			<a
			href="https://www.bagilet.abcinfo47.fr/index.php/fr/le-four/"
					>
			<img src="https://www.bagilet.abcinfo47.fr/wp-content/uploads/2016/10/0009_bagilet.jpg" width="3543" height="2365" srcset="https://www.bagilet.abcinfo47.fr/wp-content/uploads/2016/10/0009_bagilet.jpg 3543w, https://www.bagilet.abcinfo47.fr/wp-content/uploads/2016/10/0009_bagilet-300x200.jpg 300w, https://www.bagilet.abcinfo47.fr/wp-content/uploads/2016/10/0009_bagilet-768x513.jpg 768w, https://www.bagilet.abcinfo47.fr/wp-content/uploads/2016/10/0009_bagilet-1024x684.jpg 1024w, https://www.bagilet.abcinfo47.fr/wp-content/uploads/2016/10/0009_bagilet-272x182.jpg 272w" sizes="(max-width: 3543px) 100vw, 3543px" alt="" loading="lazy" 		class="so-widget-image"/>
	</a></div>

</div></div><div id="panel-2-1-1-2" class="so-panel widget widget_sow-editor panel-last-child" data-index="6" ><div class="so-widget-sow-editor so-widget-sow-editor-base">
<div class="siteorigin-widget-tinymce textwidget">
	<p>Rez de chaussée :</p>
<ul>
<li>Grande salle de séjour avec cheminée ouverte, </li>
<li>Cuisine tout intégré et équipé, </li>
<li>2 chambres avec lit 140 dont une avec lit bébé, </li>
<li>1 salle d'eau (douche à l'italienne) </li>
<li>WC indépendant, </li>
<li>Chauffage au sol,</li>
</ul>
<p>1er étage: </p>
<ul>
<li>1 chambre ( 1 lit 120 et 2 lits 90 ),</li>
<li>coin toilette avec wc</li>
</ul>
<p>A l'extérieur: </p>
<ul>
<li>Buanderie, </li>
<li>Préau avec barbecue,</li>
<li>Parking privé</li>
</ul>
<p>Equipement bébé à disposition,</p>
</div>
</div></div></div></div></div>

<p>Perchée sur sa petite colline entourée de bosquets et de prairies avec vue sur le château de Biron, une ancienne ferme entièrement restaurée avec goût et au calme, vous accueille.Deux gîtes mitoyens  3 étoiles « La grange » 7 personnes et « Le four » 8 personnes, sans vis à vis, une grande piscine 12m X 6m à partager, [&hellip;]</p>
